 remainder when 192 is divided by 41.
28
What is the remainder when 352 is divided by 77?
44
What is the remainder when 250 is divided by 18?
16
What is the remainder when 4687 is divided by 204?
199
What is the remainder when 767 is divided by 16?
15
Calculate the remainder when 375 is divided by 18.
15
What is the remainder when 1442 is divided by 111?
110
Calculate the remainder when 2226 is divided by 17.
16
Calculate the remainder when 570 is divided by 269.
32
What is the remainder when 121 is divided by 13?
4
What is the remainder when 1289 is divided by 166?
127
Calculate the remainder when 254 is divided by 43.
39
Calculate the remainder when 171 is divided by 122.
49
Calculate the remainder when 236 is divided by 228.
8
What is the remainder when 21 is divided by 10?
1
What is the remainder when 74 is divided by 38?
36
Calculate the remainder when 15 is divided by 15.
0
Calculate the remainder when 550 is divided by 143.
121
What is the remainder when 249 is divided by 122?
5
Calculate the remainder when 967 is divided by 51.
49
Calculate the remainder when 3379 is divided by 260.
259
Calculate the remainder when 274 is divided by 45.
4
What is the remainder when 238 is divided by 69?
31
What is the remainder when 1045 is divided by 493?
59
Calculate the remainder when 1920 is divided by 7.
2
What is the remainder when 4284 is divided by 75?
9
What is the remainder when 1463 is divided by 73?
3
Calculate the remainder when 712 is divided by 11.
8
Calculate the remainder when 139 is divided by 137.
2
What is the remainder when 1988 is divided by 327?
26
Calculate the remainder when 149 is divided by 112.
37
Calculate the remainder when 45 is divided by 8.
5
Calculate the remainder when 491 is divided by 31.
26
What is the remainder when 457 is divided by 58?
51
What is the remainder when 353 is divided by 132?
89
Calculate the remainder when 233 is divided by 112.
9
Calculate the remainder when 274 is divided by 46.
44
What is the remainder when 1008 is divided by 23?
19
What is the remainder when 71 is divided by 19?
14
What is the remainder when 35 is divided by 8?
3
Calculate the remainder when 323 is divided by 189.
134
Calculate the remainder when 274 is divided by 95.
84
Calculate the remainder when 76 is divided by 39.
37
What is the remainder when 583 is divided by 13?
11
What is the remainder when 993 is divided by 56?
41
Calculate the remainder when 103 is divided by 16.
7
Calculate the remainder when 320 is divided by 65.
60
What is the remainder when 976 is divided by 81?
4
Calculate the remainder when 175 is divided by 44.
43
What is the remainder when 3088 is divided by 15?
13
Calculate the remainder when 147 is divided by 45.
12
What is the remainder when 1105 is divided by 41?
39
What is the remainder when 697 is divided by 38?
13
Calculate the remainder when 172 is divided by 78.
16
What is the remainder when 281 is divided by 160?
121
What is the remainder when 158 is divided by 84?
74
Calculate the remainder when 214 is divided by 12.
10
What is the remainder when 529 is divided by 79?
55
What is the remainder when 168 is divided by 17?
15
What is the remainder when 293 is divided by 248?
45
What is the remainder when 879 is divided by 4?
3
What is the remainder when 1385 is divided by 21?
20
What is the remainder when 1587 is divided by 134?
113
What is the remainder when 505 is divided by 169?
167
Calculate the remainder when 302 is divided by 151.
0
Calculate the remainder when 46 is divided by 28.
18
Calculate the remainder when 126 is divided by 53.
20
Calculate the remainder when 1517 is divided by 496.
29
Calculate the remainder when 512 is divided by 57.
56
Calculate the remainder when 553 is divided by 88.
25
Calculate the remainder when 607 is divided by 10.
7
What is the remainder when 48 is divided by 5?
3
What is the remainder when 585 is divided by 19?
15
What is the remainder when 200 is divided by 47?
12
What is the remainder when 4062 is divided by 15?
12
What is the remainder when 222 is divided by 45?
42
Calculate the remainder when 64 is divided by 18.
10
What is the remainder when 3159 is divided by 31?
28
What is the remainder when 159 is divided by 7?
5
Calculate the remainder when 187 is divided by 36.
7
Calculate the remainder when 450 is divided by 368.
82
Calculate the remainder when 378 is divided by 50.
28
Calculate the remainder when 228 is divided by 109.
10
Calculate the remainder when 593 is divided by 82.
19
What is the remainder when 179 is divided by 61?
57
Calculate the remainder when 183 is divided by 171.
12
Calculate the remainder when 3689 is divided by 18.
17
What is the remainder when 205 is divided by 52?
49
Calculate the remainder when 1071 is divided by 38.
7
What is the remainder when 584 is divided by 281?
22
What is the remainder when 19 is divided by 17?
2
Calculate the remainder when 249 is divided by 42.
39
What is the remainder when 1241 is divided by 6?
5
What is the remainder when 1292 is divided by 25?
17
Calculate the remainder when 1345 is divided by 122.
3
What is the remainder when 117 is divided by 10?
7
What is the remainder when 767 is divided by 35?
32
Calculate the remainder when 798 is divided by 9.
6
What is the remainder when 80 is divided by 42?
38
Calculate the remainder when 1122 is divided by 5.
2
What is the remainder when 1062 is divided by 257?
34
Calculate the remainder when 139 is divided by 28.
27
What is the remainder when 236 is divided by 231?
5
Calculate the remainder when 133 is divided by 37.
22
Calculate the remainder when 2060 is divided by 136.
20
What is the remainder when 8821 is divided by 4409?
3
Calculate the remainder when 1090 is divided by 298.
196
What is the remainder when 6621 is divided by 32?
29
What is the remainder when 490 is divided by 178?
134
What is the remainder when 162 is divided by 108?
54
What is the remainder when 10401 is divided by 17?
14
Calculate the remainder when 3479 is divided by 116.
115
What is the remainder when 370 is divided by 76?
66
Calculate the remainder when 691 is divided by 213.
52
What is the remainder when 201 is divided by 16?
9
What is the remainder when 662 is divided by 649?
13
Calculate the remainder when 692 is divided by 17.
12
What is the remainder when 777 is divided by 65?
62
Calculate the remainder when 1482 is divided by 116.
90
Calculate the remainder when 756 is divided by 107.
7
What is the remainder when 64 is divided by 26?
12
What is the remainder when 2256 is divided by 329?
282
Calculate the remainder when 2869 is divided by 14.
13
Calculate the remainder when 159 is divided by 15.
9
Calculate the remainder when 226 is divided by 80.
66
Calculate the remainder when 426 is divided by 50.
26
Calculate the remainder when 49 is divided by 31.
18
What is the remainder when 304 is divided by 153?
151
What is the remainder when 1934 is divided by 34?
30
What is the remainder when 993 is divided by 65?
18
What is the remainder when 682 is divided by 49?
45
Calculate the remainder when 636 is divided by 129.
120
What is the remainder when 7272 is divided by 70?
62
Calculate the remainder when 222 is divided by 19.
13
What is the remainder when 170 is divided by 94?
76
Calculate the remainder when 55 is divided by 47.
8
Calculate the remainder when 37 is divided by 2.
1
Calculate the remainder when 334 is divided by 94.
52
Calculate the remainder when 55 is divided by 23.
9
Calculate the remainder when 725 is divided by 9.
5
What is the remainder when 423 is divided by 18?
9
Calculate the remainder when 234 is divided by 82.
70
Calculate the remainder when 618 is divided by 69.
66
What is the remainder when 154 is divided by 62?
30
Calculate the remainder when 4280 is divided by 268.
260
What is the remainder when 5347 is divided by 12?
7
Calculate the remainder when 694 is divided by 50.
44
What is the remainder when 269 is divided by 54?
53
What is the remainder when 2778 is divided by 139?
137
What is the remainder when 314 is divided by 7?
6
What is the remainder when 64 is divided by 52?
12
What is the remainder when 61 is divided by 32?
29
What is the remainder when 62082 is divided by 22?
20
Calculate the remainder when 508 is divided by 239.
30
Calculate the re